est common divisor of 13837 and 303.
101
What is the highest common factor of 39814 and 816?
34
Calculate the greatest common factor of 60 and 49065.
15
What is the greatest common divisor of 7784 and 5544?
56
What is the highest common factor of 121175 and 131?
131
Calculate the highest common factor of 117 and 12897.
9
What is the greatest common divisor of 383329 and 71?
71
What is the greatest common factor of 3064 and 104?
8
What is the highest common divisor of 4623288 and 24?
24
Calculate the greatest common factor of 28087 and 2.
1
Calculate the highest common divisor of 1 and 85346.
1
What is the greatest common divisor of 36060 and 60?
60
What is the highest common factor of 18961 and 1132?
283
What is the highest common divisor of 166 and 64?
2
Calculate the highest common factor of 70656 and 28566.
138
Calculate the highest common divisor of 86150 and 6950.
50
Calculate the highest common divisor of 8504224 and 32.
32
Calculate the highest common divisor of 24 and 113888.
8
What is the greatest common factor of 136 and 850442?
34
What is the greatest common factor of 49 and 17434788?
49
Calculate the greatest common factor of 204 and 7008930.
102
Calculate the highest common divisor of 14906 and 2610.
58
Calculate the greatest common divisor of 476 and 21616.
28
Calculate the greatest common divisor of 267 and 43671.
3
What is the greatest common divisor of 14 and 86?
2
What is the highest common divisor of 1133 and 67877?
103
Calculate the greatest common factor of 260 and 332085.
65
Calculate the highest common divisor of 71460 and 360.
180
What is the highest common divisor of 5 and 5684585?
5
Calculate the greatest common factor of 220 and 253352.
44
What is the highest common divisor of 122595 and 330?
165
What is the greatest common factor of 12177 and 61776?
297
What is the greatest common divisor of 272 and 2166480?
272
Calculate the greatest common divisor of 5795 and 1039623.
1159
What is the greatest common divisor of 22695 and 153?
51
Calculate the highest common divisor of 159115 and 44.
11
What is the greatest common factor of 119 and 36363?
17
What is the greatest common factor of 70063 and 126?
7
Calculate the greatest common divisor of 190 and 338770.
190
Calculate the highest common factor of 84 and 5748.
12
What is the highest common divisor of 200 and 14050?
50
What is the greatest common factor of 410192 and 192?
16
What is the highest common factor of 210924 and 36?
36
What is the highest common divisor of 59 and 7552?
59
Calculate the greatest common divisor of 167265 and 378.
189
What is the greatest common factor of 5330 and 113570?
410
What is the highest common factor of 5719 and 3139?
43
Calculate the highest common factor of 6 and 375480.
6
What is the highest common factor of 95 and 120625?
5
What is the highest common factor of 1176 and 768?
24
What is the highest common divisor of 98 and 16324?
14
What is the highest common factor of 5667 and 3?
3
What is the highest common divisor of 119 and 86479?
17
Calculate the highest common factor of 6 and 2168.
2
What is the greatest common divisor of 714 and 595?
119
Calculate the highest common factor of 504 and 6398.
14
What is the highest common divisor of 16 and 2764688?
16
Calculate the highest common divisor of 18860 and 12874.
82
Calculate the greatest common divisor of 890 and 112496.
178
What is the greatest common divisor of 223433 and 15281?
413
What is the highest common divisor of 131793 and 6304?
197
Calculate the highest common divisor of 95105 and 18515.
115
What is the greatest common factor of 124 and 524?
4
Calculate the greatest common factor of 2 and 112812.
2
What is the highest common factor of 69825 and 8645?
665
Calculate the highest common factor of 107 and 129684.
107
What is the highest common divisor of 12 and 25269?
3
Calculate the highest common divisor of 1014 and 361166.
26
Calculate the greatest common factor of 158542 and 17.
17
Calculate the greatest common divisor of 38 and 274797.
19
What is the greatest common divisor of 5762 and 4988?
86
Calculate the highest common divisor of 918106 and 42.
14
Calculate the greatest common divisor of 104857 and 752.
47
What is the highest common factor of 150 and 9348?
6
What is the greatest common factor of 65624 and 11752?
104
What is the highest common divisor of 264 and 8228?
44
What is the greatest common divisor of 83476 and 3116?
164
What is the highest common divisor of 1881 and 12672?
99
What is the highest common factor of 75 and 105450?
75
Calculate the highest common factor of 1932 and 221076.
276
Calculate the highest common divisor of 2852 and 46920.
92
Calculate the highest common divisor of 33 and 381744.
33
What is the highest common divisor of 17871 and 345?
69
Calculate the greatest common divisor of 2773376 and 47.
47
What is the highest common divisor of 690 and 6330?
30
Calculate the greatest common factor of 124 and 1360900.
124
What is the greatest common divisor of 21582 and 110?
22
Calculate the greatest common factor of 9986 and 14.
2
Calculate the greatest common factor of 754 and 29497.
13
Calculate the highest common divisor of 2844 and 221042.
158
Calculate the greatest common factor of 36 and 3858.
6
Calculate the greatest common factor of 52383 and 7999.
19
What is the highest common divisor of 2750380 and 20?
20
What is the highest common divisor of 915676 and 3766?
538
Calculate the highest common divisor of 324 and 5308416.
324
Calculate the highest common divisor of 15686 and 231725.
713
What is the greatest common divisor of 250351 and 79?
79
Calculate the greatest common factor of 32 and 826768.
16
What is the highest common factor of 31350 and 11?
11
Calculate the highest common factor of 1132 and 332.
4
What is the greatest common divisor of 376 and 253706?
94
Calculate the greatest common factor of 45 and 1029.
3
What is the highest common factor of 1744848 and 112?
112
Calculate the highest common divisor of 1968 and 1804.
164
What is the highest common factor of 59922 and 162?
18
Calculate the greatest common divisor of 4379 and 81993.
151
Calculate the greatest common divisor of 20322 and 36.
18
Calculate the highest common factor of 19061 and 2597.
49
What is the highest common divisor of 225 and 451755?
45
What is the greatest common divisor of 3795009 and 498?
249
What is the greatest common divisor of 14250 and 167010?
570
What is the greatest common divisor of 195 and 10400?
65
What is the greatest common divisor of 9 and 23292?
9
What is the greatest common divisor of 1507 and 26441?
137
What is the greatest common divisor of 405 and 1025?
5
What is the greatest common divisor of 636875 and 16304?
1019
Calculate the greatest common divisor of 28860 and 28416.
444
What is the greatest common factor of 8 and 42572?
4
What is the highest common divisor of 467 and 901?
1
Calculate the highest common factor of 56 and 5929.
7
What is the highest common factor of 59 and 725169?
59
Calculate the greatest common factor of 3104 and 704.
32
What is the highest common divisor of 624 and 99504?
48
Calculate the greatest common factor of 49533 and 111390.
237
What is the greatest common divisor of 99442 and 224?
14
Calculate the greatest common divisor of 101694 and 34782.
102
What is the highest common divisor of 119 and 161?
7
Calculate the greatest common factor of 312 and 620880.
312
What is the greatest common factor of 8777 and 2227?
131
Calculate the greatest common divisor of 25050 and 950.
50
Calculate the greatest common divisor of 1413 and 27161.
157
Calculate the greatest common factor of 7760 and 185.
5
Calculate the greatest common factor of 32 and 5389936.
16
What is the highest common divisor of 7 and 1694966?
7
Calculate the greatest common factor of 748 and 1559512.
68
Calculate the highest common divisor of 37961 and 2431.
187
Calculate the highest common factor of 9717 and 123.
123
What is the greatest common factor of 980 and 15974?
98
What is the highest common divisor of 10640 and 1360?
80
Calculate the highest common divisor of 563222 and 66.
22
Calculate the highest common factor of 960 and 60672.
192
Calculate the greatest common divisor of 338 and 345644.
26
Calculate the highest common divisor of 44862 and 22.
2
Cal